 + 13. Suppose -14*q = -22*q - 128. Let l = q + 19. Give p(l).
-6
Let n be -3*((-70)/210)/(-2*(-2)/8). Let i(z) = -z + 5. Give i(n).
3
Let f be -3*((-2233)/87 + 26). Let d(r) = -r**3 + 1 - 9*r**3 + 2*r + 0*r + r**2. Give d(f).
10
Let b(l) = -3*l + 1 + 7*l - 5*l. Let g(p) = -p**2 + 7. Let h be g(8). Let t = h - -54. Determine b(t).
4
Suppose x - 4 = f, -5*x - 37*f + 32*f + 10 = 0. Let c(s) = -2*s**3 - s**2 + 6*s + 1. Calculate c(x).
-44
Let c(w) = -w**3 - 3*w**2 + 7*w + 6. Suppose 3*v + 10 = -0*u + u, 3*u + 15 = 0. Determine c(v).
21
Let i(f) = 4*f - 10. Let j(u) = u**2 - 3*u + 8. Let r be ((-270)/(-9))/(-5) + 4. Let v(n) = r*i(n) - 3*j(n). Determine v(3).
-28
Suppose 0 = -61*l + 165*l. Let r(u) = -3 + 3*u + u - 3*u. Give r(l).
-3
Suppose -2*w = i + 2*i - 1, 2 = 2*i. Let z(p) = p - 20. Let a(s) = -74 + 68 + 7. Let o(h) = w*z(h) + 4*a(h). What is o(0)?
24
Suppose 13*y = 57 - 514 + 28. Let m(h) = 19*h + 627. Determine m(y).
0
Let w = 42 + -40. Suppose -2*n + 4*n - 26 = 4*z, 26 = w*n - 2*z. Suppose 11 + n = 8*s. Let p(r) = r**3 - 5*r**2 + 3*r - 1. Give p(s).
-10
Suppose 4 + 6 = -2*g - 2*i, 5*g - 10 = 2*i. Let v(q) = -5*q + 22. Let r(f) = -f + 3. Suppose -6*s - s = 7. Let h(z) = s*v(z) + 6*r(z). What is h(g)?
-4
Let c(i) = 4*i + 8. Suppose s + 4 = 2*w - w, -w = -5*s - 12. Let n be c(s). Suppose n*x + 3*x = 15. Let f(l) = -l + 12. Determine f(x).
7
Let s(t) = t**3 - 8*t**2 + 2*t + 29. Let h be (((-2)/(-4))/((-2)/3))/(9/(-84)). Calculate s(h).
-6
Let y(k) = -51*k + 55. Let n(u) = 60*u - 55. Let v(l) = -6*n(l) - 7*y(l). Give v(-24).
17
Let n = -24198 - -35065. Let y(x) = 10866*x + 1 - 5 - n*x. What is y(-14)?
10
Let x(w) = 2*w**2 - 3*w + 8. Suppose 0 = 3*y - j + 13, 2*j = -5*y - 9 - 31. Give x(y).
98
Suppose 2*o + 10 = -p, 4*p + 186 = -o + 153. Let b(r) = r**3 + 8*r**2 + 7*r + 31. Determine b(p).
-25
Suppose -784*u + 777*u = -35. Let f(o) = -4*o - 14. Determine f(u).
-34
Let j(d) = -d**3 + 51*d**2 + 6 + 3*d + 58*d**2 - 143*d**2 + 41*d**2. Determine j(5).
71
Let s(o) be the third derivative of 15*o**4/8 + 3*o**3/2 + 9*o**2. Let a be s(6). Let z(c) = a*c + 5*c**2 - 279*c + 7 - c**3. Calculate z(5).
7
Let z(d) = -116*d**2 + 371 + 117*d**2 - 471 - 7*d. What is z(14)?
-2
Let o(v) = v**3 - 21*v**2 - 49*v + 55. Let f be o(23). Let y(s) = s**2 + 12*s - 35. Let n be y(f). Let d(p) = -2*p**2 - 11*p - 7. What is d(n)?
-28
Let u(l) = -l**3 + 108*l**2 - 890*l - 119. Let v be u(99). Let d(o) = -o**2 - 18*o + 37. Give d(v).
-3
Suppose -108 = -64*k + 60*k. Suppose -k = -5*r - 5*o - 2, 2*r + 8 = 4*o. Let x(b) = r*b**2 + 1 - 5*b**2 - 3*b + b**2 + b**2. Calculate x(-3).
1
Let j(o) be the first derivative of -o**2 - 13*o - 33814. Let s be 2/6 - (-75)/(-9). What is j(s)?
3
Let l(q) = -4 + 2 - 27*q + 30*q. Let k(u) = 3*u**2 + 4*u - 3. Suppose -d + 1 = -0. Let m be k(d). Calculate l(m).
10
Let g(i) be the third derivative of 5*i**4/8 + i**3/6 - i**2. Let q = -8885 + 8887. What is g(q)?
31
Let y(g) = g + 4. Suppose u - 2 + 0 = d, -5*u + 22 = -d. Suppose 3*x = -2*v - 24, 15 = x - d*x - v. Let q be (0 + 4/(-6))*(-27)/x. Calculate y(q).
1
Let n be 40/3 + 10/15. Let b(l) = 3*l**3 + 6*l**2 - l + 11. Let o(g) = -4*g**3 - 4*g**2 + g - 11. Let c(s) = 5*b(s) + 4*o(s). Calculate c(n).
-3
Let t(k) be the first derivative of 1/3*k**3 - 2*k + 5/2*k**2 - 9. Give t(-5).
-2
Let c(s) be the third derivative of s**3 + 1/12*s**4 - 1/120*s**5 + 1/360*s**6 + 17*s**2 + 0*s + 0. Let t(a) be the first derivative of c(a). What is t(2)?
4
Let b(a) = 4*a + 777 + 781 + 781 + 776 - 3111. Suppose 5*u - 3*u + 2*h = -4, 2*u = 5*h - 32. Calculate b(u).
-20
Let t(l) = -600*l - 14 - 8 + 6 + 295*l + 304*l - 3. Suppose 0 = -p + 3*p. What is t(p)?
-19
Suppose 0 = -14*i + 24*i + 15*i + 25. Let m(q) = 2*q - 4. Determine m(i).
-6
Let q = -238 - -242. Let c(x) = q*x + 7 - 4*x + 0*x - x. Give c(6).
1
Let k = -21758 + 21762. Suppose -3*f = -2 - 4. Let g(j) = j**f + 152 - 2*j - 161 - k*j. Give g(8).
7
Let i(f) = -f**2 + 237*f + 116. Let v(l) = -117*l - 55. Let a(j) = 4*i(j) + 9*v(j). Give a(-26).
-5
Suppose 47*d - 1212 = 10. Let m be 82/d + (-14)/91. Let l(b) = -b**3 + 5*b**2 - 5*b + 4. Give l(m).
7
Let d(p) = -2*p + 38 - 6*p + 2*p + p. Let o be d(7). Let f(k) = -o*k + 0*k - k + 5*k. What is f(-2)?
-2
Let c(h) = -9*h + 43 - 20 - 2 + 25*h. Determine c(-1).
5
Suppose 124*x - 147*x - 506 = 0. Let u(v) = v**3 + 23*v**2 + 26*v + 7. What is u(x)?
-81
Let x(c) = -6 - c - 6 + 29 + 19 - 10. Calculate x(17).
9
Suppose 3*s = 35*s - 96. Let m(x) be the third derivative of -1/15*x**5 - 9*x**2 + 0 - 1/12*x**4 + 1/120*x**6 + 0*x - 2/3*x**s. Determine m(3).
-19
Let u be (-2 + 8/10)/(4/(-10)). Suppose -u*s + 3*p = -12, 3*p - 3 + 18 = 4*s. Let y(w) = 4*w - s - 10 + 11 - w**2. Calculate y(3).
1
Suppose -2*w + 6*w = 20. Suppose w*t + 3 - 3 = 0. Suppose 5*g + 10 = 0, -2*x - 10 = -t*x + g. Let c(j) = j**3 + 3*j**2 - 4*j - 3. What is c(x)?
-3
Let m(t) = 2*t**3 - 37*t**2 + 11*t - 129. Let c(h) = -h**3 + 18*h**2 - 6*h + 65. Let o(p) = -7*c(p) - 4*m(p). Determine o(22).
17
Suppose -646 = -5*k - m + 2*m, 4*m + 504 = 4*k. Suppose 136*i + 30 = k*i. Let r(t) = t**2 + 5*t + 7. What is r(i)?
7
Let t(c) = -2*c + 7. Let a(w) be the second derivative of -5*w**3/3 + 17*w**2 - 6*w + 2. Let y(j) = -2*a(j) + 11*t(j). What is y(6)?
-3
Let h(w) = -w**3 - 13*w**2 + 34*w + 49. Suppose 61 = -3*c - 5*k + 36, -4*k = c - 1. What is h(c)?
-11
Let u(l) be the third derivative of -l**6/120 + l**5/30 + l**4/12 - l**3/2 + 2278*l**2. Suppose 0*m = -3*m + 6. Give u(m).
1
Let v(w) = 8*w**2 + 4*w**2 - 3 - 21*w**2 + 7*w**2 - 3*w. Calculate v(-5).
-38
Let f(r) = 14*r**2 - 43 + 38*r - 17*r - r**3 + 0*r**3 - 18*r. What is f(14)?
-1
Let c(o) be the first derivative of o**2 + 185 - 3*o - o**3 + 3/4*o**4. Calculate c(2).
13
Let l(f) = 66*f - 7. Let h(c) = 2. Let v(x) = 3*h(x) + l(x). Determine v(1).
65
Let v = -613 + 609. Let n(y) = -y**2 + 3. Let s(q) = -2. Let m(t) = 2*n(t) + 5*s(t). Let r(w) = -2*w**2 - w - 4. Let j(i) = 5*m(i) - 6*r(i). Determine j(v).
12
Let a(b) = -b**2 - 19*b + 10. Suppose 5*l + 4*u - 771 = 0, 4*l - 11*u - 622 = -9*u. Suppose -22*f = l + 263. Calculate a(f).
10
Let h(g) be the first derivative of -g**4/4 + 2*g**3 - 3*g**2/2 + g + 732. Let v(b) = 2*b + 35. Let c be v(-15). What is h(c)?
11
Let q = 49 + -44. Suppose -1 = q*t - 11. Let w(l) = -2*l**2 + 2*l - 2. Give w(t).
-6
Let j(l) be the second derivative of l**3 - l. Let a = 170 + -167. What is j(a)?
18
Let i(x) be the third derivative of -x**5/20 + 3*x**4/8 + 5*x**3 - 1240*x**2 + 2. Determine i(5).
0
Let t(q) = q**3 + 7*q**2 - 4*q + 7. Let g be 8*(1275/(-120) + 10). Calculate t(g).
77
Let z(j) = 22*j**2 + j - 18. Let v(g) = -9*g**2 - 2*g + 9. Let w(x) = -7*v(x) - 3*z(x). What is w(7)?
-79
Let u(t) = 4*t**2 + t + 1. Let o = -139 - -143. Suppose -3*k + o = 5*r, -6*r = -3*r - 5*k + 18. What is u(r)?
4
Let j(l) = 23*l + 12 - 64*l + 17*l - 11*l**2 + 20*l. Let f(g) = -5*g**2 - 2*g + 6. Let x(s) = -9*f(s) + 4*j(s). Determine x(2).
2
Suppose 3*v - 116 = -56. Suppose -5*b + v = -10*b, -b + 2 = -2*x. Let s(r) = -r**2 - r + 3. Determine s(x).
-3
Let u(f) = 126*f + 93. Let k(q) = -55*q - 46. Let i(b) = -7*k(b) - 3*u(b). Give i(-6).
1
Let q(f) = 4*f - 19. Let a be ((-6)/(1*-3))/(1088/(-51) + 22). Calculate q(a).
-7
Suppose -14*m + 418 = -37*m - 15*m. Let z(w) = -w**2 - 7*w + 34. Determine z(m).
-10
Let r(a) = 2*a**2 - a - 2. Let p(l) = -l**2 + 1. Suppose 11*z - 13 + 2 = 0. Let s(t) = z*r(t) + 3*p(t). Let x = 30 + -32. Give s(x).
-1
Suppose -7*b = 5*z - 161, 3*b = -3*z + 9 + 66. Let n(f) = f**3 - 16*f**2 - 35*f - 4. Determine n(b).
14
Let v(q) = q**3 - 9. Let x(u) = -15*u - 37. Let n be x(-3). Suppose 2*p = -5*m + n, -12 = 2*m - 4*m - 3*p. What is v(m)?
-9
Suppose 66*n + 185 = 85 - 32. Let x(h) = -10*h. Calculate x(n).
20
Let c(h) = 2*h**3 + 8*h**2 + 6*h - 4. Let i(k) = -18644*k**2 - k - k**3 + 2 + 18644*k**2. Let g(v) = -c(v) - i(v). What is g(-7)?
-12
Let v be (4 - 6)/((-5)/(30/4)). Suppose -3 = -3*x, -21 = 3*k - v*x - 3. Let l(g) = -5*g - 2. Determine l(k).
23
Let o(p) = 4*p + 62. Suppose 0 = -1228*y + 1240*y + 89 + 79. Give o(y).
6
Let j(c) = -6*c**2 + 39*c + 1330. Let l be j(-12). Let x(f) = 3 + 2*f - 2 - 3*f. Determine x(l).
3
Let v(d) be the second derivative of 1/6*d**3 + 3/2*d**2 - 5*d + 0. Suppose 1 - 37